299. Let o = p - 371. Is o a prime number?
True
Is 624939/69 + 8/(-92) prime?
False
Suppose 0 = 4*k - 3*a - 27, 8*a - 3*a = -25. Suppose -2*i - 2*z + 52 = -14, 134 = 4*i + k*z. Suppose -3*o = 2*o - i. Is o prime?
True
Suppose 0 = y + 2, 10887 + 11171 = 4*i - 3*y. Is i prime?
False
Let u = 15 + -9. Let n be (-6)/(-4) + 303/u. Suppose -r + n = -t, -7 = 4*t + 5. Is r a composite number?
True
Suppose 4 = -s, 6*w - 3*s = 2*w + 184288. Is w a composite number?
True
Let n = 67770 + 29729. Is n composite?
False
Let b(z) = z + 3. Let d be b(-4). Let h = d + -5. Is (-2)/h*(238 + -1) prime?
True
Suppose -2*f + 2546 = f + 5*m, 3*m - 4222 = -5*f. Suppose h - 2*h - 2*q + f = 0, 4192 = 5*h + 4*q. Let w = h - 585. Is w a prime number?
True
Let c(g) = -1569*g**3 + 4*g**2 - 6*g + 7. Is c(-4) composite?
False
Suppose -r = -7 + 3. Let y be (r - 112/12)*3. Let h(i) = -4*i + 15. Is h(y) a composite number?
False
Let t(c) = -c**3 - 5*c**2 + 11*c + 19. Let w be t(-8). Suppose f + w = 4*y + y, 0 = -y + f + 27. Let g = 37 - y. Is g a composite number?
False
Suppose -2*t - 2*n = -12, -3*n = -2*t - 6*n + 10. Suppose -t = -0*y - 2*y. Suppose -5*g = -5*z + y*z + 22, 0 = 3*g + 9. Is z a composite number?
False
Suppose 6 = -18*u + 78. Suppose 2 = -k, u*k - 5*k - 804 = -2*y. Is y prime?
True
Suppose -4*g + 0*g - 3424 = 0. Is 22/(-8) - (-2)/(-8) - g a composite number?
False
Is 2/4 + 17469/18 a prime number?
True
Suppose 5*q - 2*b + 3*b - 16 = 0, -5*b - 32 = -3*q. Suppose -4*m + 0*m = q*t - 11692, -3*m - 5836 = -2*t. Is t a composite number?
True
Suppose 192029 = 5*r - 2*t, -3*r + 61037 = -t - 54180. Is r prime?
False
Is (4/10)/(14/188545) a prime number?
True
Let t = -1840 + 7802. Suppose -5*u + t - 1857 = 0. Suppose 0 = i - o - u, -2*i - 2*o - 3*o = -1642. Is i composite?
False
Suppose -24*n = -42 - 78. Let f(m) be the first derivative of 2*m**3/3 + 5*m**2/2 - 4*m + 1. Is f(n) composite?
False
Let c(l) = 3*l**2 - 3*l + 1. Let h(s) = -s**2 - 5*s**2 - 5 - s + 5*s**2. Let u be h(0). Is c(u) a composite number?
True
Suppose -5 = n - 5*g - 20, 5*n + 3*g = 19. Let p(i) = i**3 - 4*i**2 + 6*i - 2. Is p(n) a composite number?
False
Let l(g) be the third derivative of g**6/5 + g**5/30 - g**4/12 - 5*g**3/6 - 12*g**2. Let h be l(4). Let z = h - 1056. Is z a composite number?
False
Let s = 240 + 110. Let t = s - 603. Let f = 672 + t. Is f a composite number?
False
Suppose -5*n - 3*v = 7, -n = 4*v - 5 + 3. Let j(c) = -1 + 3*c**2 - 106*c**3 - 52*c**3 - 5*c**2. Is j(n) a prime number?
False
Suppose 2*g - 5*q = 814, -q = 3*g - 212 - 1009. Is g prime?
False
Let i(x) be the first derivative of 3*x**2 - 76*x + 3. Let s(v) = 4*v - 51. Let h(q) = 5*i(q) - 7*s(q). Is h(16) a composite number?
True
Let m = 4731 + -3056. Suppose f - 6*d = -2*d + 9, 4*d - 6 = -2*f. Suppose 5*k + m = f*b, b - 5*b = 2*k - 1352. Is b prime?
True
Let d be ((-430)/15 + -4)*3. Let x = 169 + d. Is x a prime number?
True
Suppose 0 = 4*v - 20, 5*v + 26 = i - 27. Suppose 2*s = 272 - i. Is s composite?
False
Let k(b) = 23*b**2 - 19*b - 93. Is k(-23) prime?
True
Suppose c = 4126 + 992. Let k = c + -2545. Is k prime?
False
Suppose -57 = 3*i + 138. Is (-26)/i - (-3466)/10 a composite number?
False
Let z = 129 + -123. Is z/(-27) - 42909/(-27) prime?
False
Suppose 1699 = 3*f - 2*c, -3*c - 439 - 687 = -2*f. Let h = -271 + f. Is h a composite number?
True
Let j(x) be the second derivative of 5*x**4/3 + 5*x**3/3 - 9*x**2/2 - 16*x. Is j(-7) a prime number?
False
Suppose -3*c - 7*c = -4560. Let x = c + -323. Is x composite?
True
Suppose 0 = -w - 0*w. Let d(r) = r. Let o be d(w). Suppose o = 4*l - 3*s - 74 - 123, -l + 68 = 3*s. Is l composite?
False
Suppose -30*z = -27*z - 68307. Is z prime?
True
Suppose 5*n - 26 - 24 = 0. Let v(w) = -5*w - w - w + n + 6*w. Is v(-11) prime?
False
Let i = -447 - -2866. Is i prime?
False
Let v = 8 - 5. Suppose 8*c - 1235 = v*c. Suppose -z - c = -2*z. Is z composite?
True
Suppose -4*f + 9 = 3*g, 1 - 5 = -4*f - 4*g. Suppose -4*r + f*i + 512 = 2*i, 638 = 5*r - 3*i. Is r composite?
False
Suppose -2*j + 8664 = 2*j. Suppose -9*d = -8*d - j. Let b = d + -1171. Is b prime?
False
Let z = -888 - -2749. Is z prime?
True
Suppose 0 = 52*s - 422455 - 450261. Is s composite?
True
Let c(t) = -37*t - 33*t + 7*t**2 + 49 + 62*t. Is c(10) a composite number?
True
Suppose 5043 = -73*b + 76*b. Is b composite?
True
Suppose -147462 = 9*u - 51*u. Is u a prime number?
True
Let x(v) = -v**2 - 14*v - 8. Let j be x(-13). Suppose t + 148 = 2*t + j*c, t - 118 = 5*c. Suppose 97 = 3*o - 2*k + 4*k, 4*o - k = t. Is o a prime number?
False
Let p(c) = 5*c**2 + 58*c - 6. Is p(26) prime?
False
Let r(n) = -4*n + 19. Suppose 60 = -0*w + 4*w - 3*p, 0 = -2*w - 2*p + 30. Let a be r(w). Let g = a + 120. Is g a prime number?
True
Suppose -2*q = 2*s + 2, 2*q + s + 5 = -2*s. Let y(g) = q*g + 4*g + 3*g**2 - g + 12*g**2 + 6. Is y(-4) composite?
True
Let u(v) = -v**2 + 5*v. Let f be u(5). Suppose -3*m - 4 = -4*m. Suppose 5*h - y - 746 = f, -m*h - y = -547 - 48. Is h prime?
True
Suppose -21*v + 19*v = -8206. Is v prime?
False
Suppose 3*d + 2*a + a = 6, -a - 10 = -5*d. Suppose 2*x + 5*u - 1475 = 1318, -2828 = -d*x + 2*u. Is x prime?
True
Let u(t) be the third derivative of 289*t**4/4 - t**3/6 + 4*t**2. Let r be u(1). Suppose 1 = -0*z + z, 5*v - 2*z - r = 0. Is v a composite number?
False
Let y(h) = -h**3 + 6*h**2 + h - 7. Let p(d) = -6*d - 3. Let z be p(-3). Suppose -7*m - z = -50. Is y(m) a composite number?
False
Suppose 0 = -4*k + w - 5*w + 384, 0 = 5*k + 3*w - 470. Is k a composite number?
True
Let v = -1 + 25. Suppose v*c + 92 = 26*c. Is c a prime number?
False
Suppose -2*a - 12 = 5*k + 3, 0 = -4*a - 4*k - 12. Let f(h) = -h**2 + 10*h - 2. Let s be f(9). Suppose -s*g + 5*g + 518 = a. Is g a prime number?
False
Let w = -38958 - -67193. Is w composite?
True
Suppose -4*x - 5821 + 180509 = -3*j, -x + 43661 = 2*j. Is x a composite number?
False
Let m be (9/18)/((-1)/2). Is ((-890)/10)/(-2 - m) a composite number?
False
Let u = 232 - -913. Is u a composite number?
True
Suppose 8200 = 7*m - 12513. Is m composite?
True
Is (-362910)/60*(-1 - 1) composite?
False
Let u(w) = -w**3 + 3*w**2 + 3*w - 5. Let q be u(2). Suppose 2*y - q*n = -3*y + 80, 0 = y + n - 8. Is 2 + 7*(y + -1) a prime number?
True
Let a = 53 - 43. Suppose 232 = -6*b + a*b. Is b composite?
True
Suppose 4*d - 2*d - 53822 = 0. Is d prime?
False
Let w = 15397 - 5748. Is w composite?
False
Suppose 0*o + 2*o = 4162. Is o a composite number?
False
Let s = 45112 + -26175. Is s composite?
True
Let k(w) = 2*w**2 + 13*w + 5. Let v be k(-6). Let l be (v - -4)*4/3. Suppose 0 = -l*z + 3*z - 5*i + 223, 0 = z - 2*i - 195. Is z prime?
False
Let z be 5/((-1962)/982 + 2). Suppose -1 = f, -2*l - f + 2*f + z = 0. Is l a prime number?
False
Let j = -40 - -70. Is ((-6940)/j)/(2/(-3)) composite?
False
Let j = 605 - -1329. Is j prime?
False
Suppose 197*x = 195*x + 2098. Is x a composite number?
False
Suppose d + 3*c = -8, -6 = 4*d - 2*c + c. Let v = 1000 + d. Is v prime?
False
Suppose 0 = 4*l - 721 + 21. Let v = l + -48. Is v a composite number?
False
Let d = 14748 + -9839. Is d prime?
True
Suppose 3*b + 0*b + 2*y + 6 = 0, 2*b = -2*y - 6. Let d be b*(-3)/(-3)*-1. Suppose d = -5*x - 427 + 1172. Is x composite?
False
Let o(d) = -397*d - 397. Let g(w) = 1. Let i(y) = -397*g(y) - o(y). Is i(1) composite?
False
Suppose 9897 = -385*i + 388*i. Is i composite?
False
Let g be (-106)/(-22) + (-18)/(-99). Suppose g = d, w = -0*d + d - 1. Is 2*(-2 + w + 11) composite?
True
Let w(h) = 4*h - 5. Let m = -1 + 7. Is w(m) a composite number?
False
Let f(w) = 4*w**2 + 6 + 48*w**3 + 1 - 2*w + 3*w - 5. Is f(3) prime?
False
Let o(u) = u**3 + u**2. Let w be o(-2). Let g(c) = c - 1. Let x be g(w). Let r(f) = 5*f**2 - f + 3. Is r(x) a prime number?
False
Let r = -339 + 1213. Let x = 1505 - r. Is x composite?
False
Is (5695 + 30/5)*1 prime?
True
Let c be 9/12*(-36)/(-3). Suppose -j - 12 = 2*a + 3*a, 4*a = -j - c. Is (-4)/(-2) + 128 + a a composite number?
False
Let i(v) = 5*v + 7*v + 36*v + 37*v. Suppose -2*q - 2 + 4 = 0. Is i(q) composite?
True
Let o = -2 + 8. Suppose -t = -5*u - 7 - o, t - 9 = 3*u. Suppose t*q + 177 = 2*i - 2*q, 3*q + 452 = 5*i. Is i a composite number?
True
Let u(v) = 2*v**3 + 37*v**2 + v + 13. Is u(-16) a prime number?
True